{"id":5000,"date":"2022-01-12T08:51:01","date_gmt":"2022-01-12T08:51:01","guid":{"rendered":"https:\/\/www.bml-v3.dominocom.lu\/?post_type=mentors&#038;p=5000"},"modified":"2025-12-10T09:33:33","modified_gmt":"2025-12-10T09:33:33","slug":"claude-faber","status":"publish","type":"mentors","link":"https:\/\/www.businessmentoring.lu\/fr\/mentors\/claude-faber\/","title":{"rendered":"Claude Faber"},"content":{"rendered":"<p>Direction G\u00e9n\u00e9rale, gestion courante et gestion de crise, dans des soci\u00e9t\u00e9s globales et petites, bas\u00e9 sur mes exp\u00e9riences et expertises personnelles, voil\u00e0 ce que je partage avec enthousiasme. Je pr\u00e9side un Groupe dans la Construction, ainsi que le BML asbl.<\/p>\n<p>Associ\u00e9 chez Optimize s.a. depuis 2001, j\u2019ai introduit l&rsquo;Executive Transition Management au Luxembourg. En tant que Manager de Transition ou Consultant, j\u2019ai assum\u00e9 des responsabilit\u00e9s de PDG dans les domaines de la gestion hospitali\u00e8re, de la gestion universitaire, des associations coop\u00e9ratives, de la gestion h\u00f4teli\u00e8re, du commerce et de l&rsquo;artisanat.<\/p>\n<p>Avant Optimise, j\u2019ai men\u00e9 avec succ\u00e8s des redressements et des projets de changement majeurs (1993 \u2013 2001), principalement en tant que CEO, MD ou VP Business Unit, \u00e0 la t\u00eate de soci\u00e9t\u00e9s industrielles et commerciales comptant jusqu&rsquo;\u00e0 1200 employ\u00e9s et 200 M\u20ac de chiffre d&rsquo;affaires, en France, en Allemagne, au Luxembourg et au ROYAUME-UNI.<\/p>\n<p>Auparavant, j\u2019ai lanc\u00e9 et dirig\u00e9 Egon Zehnder International au Luxembourg, apr\u00e8s avoir occup\u00e9 des postes de direction chez Siemens \u00e0 Munich et Arbed, aujourd&rsquo;hui Arcelormittal.<\/p>\n<p>Je suis \u00e9galement pr\u00e9sident ou membre du conseil d&rsquo;administration de plusieurs soci\u00e9t\u00e9s.<\/p>\n<p>J\u2019ai rejoint Business Mentoring Luxembourg \u00e0 sa cr\u00e9ation en 2009, et pr\u00e9side son Comit\u00e9 de Pilotage, aujourd&rsquo;hui Conseil d&rsquo;Administration, depuis 2017.<\/p>\n<p>Je suis titulaire d&rsquo;un MSc en g\u00e9nie m\u00e9canique de l&rsquo;ETH Zurich et d&rsquo;un MBA de l&rsquo;INSEAD, Fontainebleau.<\/p>\n","protected":false},"excerpt":{"rendered":"<p>Direction G\u00e9n\u00e9rale, gestion courante et gestion de crise, dans des soci\u00e9t\u00e9s globales et petites, bas\u00e9 sur mes exp\u00e9riences et expertises personnelles, voil\u00e0 ce que je partage avec enthousiasme. Je pr\u00e9side un Groupe dans la Construction, ainsi que le BML asbl.<\/p>\n","protected":false},"parent":0,"template":"","meta":{"_acf_changed":false,"site-sidebar-layout":"default","site-content-layout":"default","ast-site-content-layout":"default","site-content-style":"default","site-sidebar-style":"default","ast-global-header-display":"","ast-banner-title-visibility":"","ast-main-header-display":"","ast-hfb-above-header-display":"","ast-hfb-below-header-display":"","ast-hfb-mobile-header-display":"","site-post-title":"","ast-breadcrumbs-content":"","ast-featured-img":"","footer-sml-layout":"","theme-transparent-header-meta":"default","adv-header-id-meta":"","stick-header-meta":"","header-above-stick-meta":"","header-main-stick-meta":"","header-below-stick-meta":"","astra-migrate-meta-layouts":"set","ast-page-background-enabled":"default","ast-page-background-meta":{"desktop":{"background-color":"","background-image":"","background-repeat":"repeat","background-position":"center center","background-size":"auto","background-attachment":"scroll","background-type":"","background-media":"","overlay-type":"","overlay-color":"","overlay-opacity":"","overlay-gradient":""},"tablet":{"background-color":"","background-image":"","background-repeat":"repeat","background-position":"center center","background-size":"auto","background-attachment":"scroll","background-type":"","background-media":"","overlay-type":"","overlay-color":"","overlay-opacity":"","overlay-gradient":""},"mobile":{"background-color":"","background-image":"","background-repeat":"repeat","background-position":"center center","background-size":"auto","background-attachment":"scroll","background-type":"","background-media":"","overlay-type":"","overlay-color":"","overlay-opacity":"","overlay-gradient":""}},"ast-content-background-meta":{"desktop":{"background-color":"var(--ast-global-color-5)","background-image":"","background-repeat":"repeat","background-position":"center center","background-size":"auto","background-attachment":"scroll","background-type":"","background-media":"","overlay-type":"","overlay-color":"","overlay-opacity":"","overlay-gradient":""},"tablet":{"background-color":"var(--ast-global-color-5)","background-image":"","background-repeat":"repeat","background-position":"center center","background-size":"auto","background-attachment":"scroll","background-type":"","background-media":"","overlay-type":"","overlay-color":"","overlay-opacity":"","overlay-gradient":""},"mobile":{"background-color":"var(--ast-global-color-5)","background-image":"","background-repeat":"repeat","background-position":"center center","background-size":"auto","background-attachment":"scroll","background-type":"","background-media":"","overlay-type":"","overlay-color":"","overlay-opacity":"","overlay-gradient":""}}},"spoken-languages":[62,60],"countries-of-work-experience":[],"expertises":[29],"sectors":[],"class_list":["post-5000","mentors","type-mentors","status-publish","hentry","spoken-languages-english","spoken-languages-french","expertises-business-models-corporate-business-strategy"],"acf":[],"yoast_head":"<!-- This site is optimized with the Yoast SEO plugin v27.0 - https:\/\/yoast.com\/product\/yoast-seo-wordpress\/ -->\n<title>Claude Faber - Business Mentoring Luxembourg<\/title>\n<meta name=\"robots\" content=\"index, follow, max-snippet:-1, max-image-preview:large, max-video-preview:-1\" \/>\n<link rel=\"canonical\" href=\"https:\/\/www.businessmentoring.lu\/fr\/mentors\/claude-faber\/\" \/>\n<meta property=\"og:locale\" content=\"fr_FR\" \/>\n<meta property=\"og:type\" content=\"article\" \/>\n<meta property=\"og:title\" content=\"Claude Faber - Business Mentoring Luxembourg\" \/>\n<meta property=\"og:description\" content=\"Direction G\u00e9n\u00e9rale, gestion courante et gestion de crise, dans des soci\u00e9t\u00e9s globales et petites, bas\u00e9 sur mes exp\u00e9riences et expertises personnelles, voil\u00e0 ce que je partage avec enthousiasme. Je pr\u00e9side un Groupe dans la Construction, ainsi que le BML asbl.\" \/>\n<meta property=\"og:url\" content=\"https:\/\/www.businessmentoring.lu\/fr\/mentors\/claude-faber\/\" \/>\n<meta property=\"og:site_name\" content=\"Business Mentoring Luxembourg\" \/>\n<meta property=\"article:modified_time\" content=\"2025-12-10T09:33:33+00:00\" \/>\n<meta name=\"twitter:card\" content=\"summary_large_image\" \/>\n<meta name=\"twitter:label1\" content=\"Dur\u00e9e de lecture estim\u00e9e\" \/>\n\t<meta name=\"twitter:data1\" content=\"2 minutes\" \/>\n<script type=\"application\/ld+json\" class=\"yoast-schema-graph\">{\"@context\":\"https:\/\/schema.org\",\"@graph\":[{\"@type\":\"WebPage\",\"@id\":\"https:\/\/www.businessmentoring.lu\/fr\/mentors\/claude-faber\/\",\"url\":\"https:\/\/www.businessmentoring.lu\/fr\/mentors\/claude-faber\/\",\"name\":\"Claude Faber - Business Mentoring Luxembourg\",\"isPartOf\":{\"@id\":\"https:\/\/www.businessmentoring.lu\/fr\/#website\"},\"datePublished\":\"2022-01-12T08:51:01+00:00\",\"dateModified\":\"2025-12-10T09:33:33+00:00\",\"breadcrumb\":{\"@id\":\"https:\/\/www.businessmentoring.lu\/fr\/mentors\/claude-faber\/#breadcrumb\"},\"inLanguage\":\"fr-FR\",\"potentialAction\":[{\"@type\":\"ReadAction\",\"target\":[\"https:\/\/www.businessmentoring.lu\/fr\/mentors\/claude-faber\/\"]}]},{\"@type\":\"BreadcrumbList\",\"@id\":\"https:\/\/www.businessmentoring.lu\/fr\/mentors\/claude-faber\/#breadcrumb\",\"itemListElement\":[{\"@type\":\"ListItem\",\"position\":1,\"name\":\"Home\",\"item\":\"https:\/\/www.businessmentoring.lu\/fr\/\"},{\"@type\":\"ListItem\",\"position\":2,\"name\":\"Mentors\",\"item\":\"https:\/\/www.businessmentoring.lu\/fr\/mentors\/\"},{\"@type\":\"ListItem\",\"position\":3,\"name\":\"Claude Faber\"}]},{\"@type\":\"WebSite\",\"@id\":\"https:\/\/www.businessmentoring.lu\/fr\/#website\",\"url\":\"https:\/\/www.businessmentoring.lu\/fr\/\",\"name\":\"Business Mentoring Luxembourg\",\"description\":\"Just another WordPress site\",\"potentialAction\":[{\"@type\":\"SearchAction\",\"target\":{\"@type\":\"EntryPoint\",\"urlTemplate\":\"https:\/\/www.businessmentoring.lu\/fr\/?s={search_term_string}\"},\"query-input\":{\"@type\":\"PropertyValueSpecification\",\"valueRequired\":true,\"valueName\":\"search_term_string\"}}],\"inLanguage\":\"fr-FR\"}]}<\/script>\n<!-- \/ Yoast SEO plugin. -->","yoast_head_json":{"title":"Claude Faber - Business Mentoring Luxembourg","robots":{"index":"index","follow":"follow","max-snippet":"max-snippet:-1","max-image-preview":"max-image-preview:large","max-video-preview":"max-video-preview:-1"},"canonical":"https:\/\/www.businessmentoring.lu\/fr\/mentors\/claude-faber\/","og_locale":"fr_FR","og_type":"article","og_title":"Claude Faber - Business Mentoring Luxembourg","og_description":"Direction G\u00e9n\u00e9rale, gestion courante et gestion de crise, dans des soci\u00e9t\u00e9s globales et petites, bas\u00e9 sur mes exp\u00e9riences et expertises personnelles, voil\u00e0 ce que je partage avec enthousiasme. Je pr\u00e9side un Groupe dans la Construction, ainsi que le BML asbl.","og_url":"https:\/\/www.businessmentoring.lu\/fr\/mentors\/claude-faber\/","og_site_name":"Business Mentoring Luxembourg","article_modified_time":"2025-12-10T09:33:33+00:00","twitter_card":"summary_large_image","twitter_misc":{"Dur\u00e9e de lecture estim\u00e9e":"2 minutes"},"schema":{"@context":"https:\/\/schema.org","@graph":[{"@type":"WebPage","@id":"https:\/\/www.businessmentoring.lu\/fr\/mentors\/claude-faber\/","url":"https:\/\/www.businessmentoring.lu\/fr\/mentors\/claude-faber\/","name":"Claude Faber - Business Mentoring Luxembourg","isPartOf":{"@id":"https:\/\/www.businessmentoring.lu\/fr\/#website"},"datePublished":"2022-01-12T08:51:01+00:00","dateModified":"2025-12-10T09:33:33+00:00","breadcrumb":{"@id":"https:\/\/www.businessmentoring.lu\/fr\/mentors\/claude-faber\/#breadcrumb"},"inLanguage":"fr-FR","potentialAction":[{"@type":"ReadAction","target":["https:\/\/www.businessmentoring.lu\/fr\/mentors\/claude-faber\/"]}]},{"@type":"BreadcrumbList","@id":"https:\/\/www.businessmentoring.lu\/fr\/mentors\/claude-faber\/#breadcrumb","itemListElement":[{"@type":"ListItem","position":1,"name":"Home","item":"https:\/\/www.businessmentoring.lu\/fr\/"},{"@type":"ListItem","position":2,"name":"Mentors","item":"https:\/\/www.businessmentoring.lu\/fr\/mentors\/"},{"@type":"ListItem","position":3,"name":"Claude Faber"}]},{"@type":"WebSite","@id":"https:\/\/www.businessmentoring.lu\/fr\/#website","url":"https:\/\/www.businessmentoring.lu\/fr\/","name":"Business Mentoring Luxembourg","description":"Just another WordPress site","potentialAction":[{"@type":"SearchAction","target":{"@type":"EntryPoint","urlTemplate":"https:\/\/www.businessmentoring.lu\/fr\/?s={search_term_string}"},"query-input":{"@type":"PropertyValueSpecification","valueRequired":true,"valueName":"search_term_string"}}],"inLanguage":"fr-FR"}]}},"_links":{"self":[{"href":"https:\/\/www.businessmentoring.lu\/fr\/wp-json\/wp\/v2\/mentors\/5000","targetHints":{"allow":["GET"]}}],"collection":[{"href":"https:\/\/www.businessmentoring.lu\/fr\/wp-json\/wp\/v2\/mentors"}],"about":[{"href":"https:\/\/www.businessmentoring.lu\/fr\/wp-json\/wp\/v2\/types\/mentors"}],"wp:attachment":[{"href":"https:\/\/www.businessmentoring.lu\/fr\/wp-json\/wp\/v2\/media?parent=5000"}],"wp:term":[{"taxonomy":"spoken-languages","embeddable":true,"href":"https:\/\/www.businessmentoring.lu\/fr\/wp-json\/wp\/v2\/spoken-languages?post=5000"},{"taxonomy":"countries-of-work-experience","embeddable":true,"href":"https:\/\/www.businessmentoring.lu\/fr\/wp-json\/wp\/v2\/countries-of-work-experience?post=5000"},{"taxonomy":"expertises","embeddable":true,"href":"https:\/\/www.businessmentoring.lu\/fr\/wp-json\/wp\/v2\/expertises?post=5000"},{"taxonomy":"sectors","embeddable":true,"href":"https:\/\/www.businessmentoring.lu\/fr\/wp-json\/wp\/v2\/sectors?post=5000"}],"curies":[{"name":"wp","href":"https:\/\/api.w.org\/{rel}","templated":true}]}}

<p>Direction Générale, gestion courante et gestion de crise, dans des sociétés globales et petites, basé sur mes expériences et expertises personnelles, voilà ce que je partage avec enthousiasme. Je préside un Groupe dans la Construction, ainsi que le BML asbl.</p>
<p>Associé chez Optimize s.a. depuis 2001, j’ai introduit l&rsquo;Executive Transition Management au Luxembourg. En tant que Manager de Transition ou Consultant, j’ai assumé des responsabilités de PDG dans les domaines de la gestion hospitalière, de la gestion universitaire, des associations coopératives, de la gestion hôtelière, du commerce et de l&rsquo;artisanat.</p>
<p>Avant Optimise, j’ai mené avec succès des redressements et des projets de changement majeurs (1993 – 2001), principalement en tant que CEO, MD ou VP Business Unit, à la tête de sociétés industrielles et commerciales comptant jusqu&rsquo;à 1200 employés et 200 M€ de chiffre d&rsquo;affaires, en France, en Allemagne, au Luxembourg et au ROYAUME-UNI.</p>
<p>Auparavant, j’ai lancé et dirigé Egon Zehnder International au Luxembourg, après avoir occupé des postes de direction chez Siemens à Munich et Arbed, aujourd&rsquo;hui Arcelormittal.</p>
<p>Je suis également président ou membre du conseil d&rsquo;administration de plusieurs sociétés.</p>
<p>J’ai rejoint Business Mentoring Luxembourg à sa création en 2009, et préside son Comité de Pilotage, aujourd&rsquo;hui Conseil d&rsquo;Administration, depuis 2017.</p>
<p>Je suis titulaire d&rsquo;un MSc en génie mécanique de l&rsquo;ETH Zurich et d&rsquo;un MBA de l&rsquo;INSEAD, Fontainebleau.</p>

<p>Direction Générale, gestion courante et gestion de crise, dans des sociétés globales et petites, basé sur mes expériences et expertises personnelles, voilà ce que je partage avec enthousiasme. Je préside un Groupe dans la Construction, ainsi que le BML asbl.</p>

<!-- This site is optimized with the Yoast SEO plugin v27.0 - https://yoast.com/product/yoast-seo-wordpress/ -->
<title>Claude Faber - Business Mentoring Luxembourg</title>
<meta name="robots" content="index, follow, max-snippet:-1, max-image-preview:large, max-video-preview:-1" />
<link rel="canonical" href="https://www.businessmentoring.lu/fr/mentors/claude-faber/" />
<meta property="og:locale" content="fr_FR" />
<meta property="og:type" content="article" />
<meta property="og:title" content="Claude Faber - Business Mentoring Luxembourg" />
<meta property="og:description" content="Direction Générale, gestion courante et gestion de crise, dans des sociétés globales et petites, basé sur mes expériences et expertises personnelles, voilà ce que je partage avec enthousiasme. Je préside un Groupe dans la Construction, ainsi que le BML asbl." />
<meta property="og:url" content="https://www.businessmentoring.lu/fr/mentors/claude-faber/" />
<meta property="og:site_name" content="Business Mentoring Luxembourg" />
<meta property="article:modified_time" content="2025-12-10T09:33:33+00:00" />
<meta name="twitter:card" content="summary_large_image" />
<meta name="twitter:label1" content="Durée de lecture estimée" />
	<meta name="twitter:data1" content="2 minutes" />
<script type="application/ld+json" class="yoast-schema-graph">{"@context":"https://schema.org","@graph":[{"@type":"WebPage","@id":"https://www.businessmentoring.lu/fr/mentors/claude-faber/","url":"https://www.businessmentoring.lu/fr/mentors/claude-faber/","name":"Claude Faber - Business Mentoring Luxembourg","isPartOf":{"@id":"https://www.businessmentoring.lu/fr/#website"},"datePublished":"2022-01-12T08:51:01+00:00","dateModified":"2025-12-10T09:33:33+00:00","breadcrumb":{"@id":"https://www.businessmentoring.lu/fr/mentors/claude-faber/#breadcrumb"},"inLanguage":"fr-FR","potentialAction":[{"@type":"ReadAction","target":["https://www.businessmentoring.lu/fr/mentors/claude-faber/"]}]},{"@type":"BreadcrumbList","@id":"https://www.businessmentoring.lu/fr/mentors/claude-faber/#breadcrumb","itemListElement":[{"@type":"ListItem","position":1,"name":"Home","item":"https://www.businessmentoring.lu/fr/"},{"@type":"ListItem","position":2,"name":"Mentors","item":"https://www.businessmentoring.lu/fr/mentors/"},{"@type":"ListItem","position":3,"name":"Claude Faber"}]},{"@type":"WebSite","@id":"https://www.businessmentoring.lu/fr/#website","url":"https://www.businessmentoring.lu/fr/","name":"Business Mentoring Luxembourg","description":"Just another WordPress site","potentialAction":[{"@type":"SearchAction","target":{"@type":"EntryPoint","urlTemplate":"https://www.businessmentoring.lu/fr/?s={search_term_string}"},"query-input":{"@type":"PropertyValueSpecification","valueRequired":true,"valueName":"search_term_string"}}],"inLanguage":"fr-FR"}]}</script>
<!-- / Yoast SEO plugin. -->

Direction Générale, gestion courante et gestion de crise, dans des sociétés globales et petites, basé sur mes expériences et expertises personnelles, voilà ce que je partage avec enthousiasme. Je préside un Groupe dans la Construction, ainsi que le BML asbl.
